
Let h = 6064 + 576. Let z be 12/(-42) - h/(-14). Suppose -o = -2*a + 313, 3*a - z = o + 2*o. Is a composite?
True
Let h = 321 - -14. Suppose -4*z - 2*m = -268, -h = -3*z - 2*z - 4*m. Is z composite?
False
Suppose -5*n = -n - 8. Suppose -3*h + 5*q = -1090, n*q + 1075 = -0*h + 3*h. Is h prime?
False
Suppose -2*i = 3*i - 80. Let g be (21/12)/(1/i). Suppose 3*h = 3*v + 18, h - 4*h + g = -v. Is h a prime number?
True
Suppose -2*o + 282 = 5*t, 0*o - 4*o - 220 = -4*t. Let g = -25 + t. Is g prime?
True
Let c(l) = l + 3. Let p be c(6). Suppose -3*s + 22 + p = 5*z, 0 = 4*s - z - 3. Suppose -s = -4*g + 26. Is g a composite number?
False
Is ((-291)/6 - -4)/((-1)/2) composite?
False
Let s = 508 + -201. Is s prime?
True
Suppose -y + 3*y + 2*i = 6, 0 = 2*y + 3*i - 6. Suppose -l - y*l + 132 = 0. Is l composite?
True
Let i(a) = a**2 - 5*a - 5. Let r(l) = -l + 2. Let f be r(-3). Let b be i(f). Let o(q) = 7*q**2 + 5*q + 5. Is o(b) a composite number?
True
Let d(c) = -c**3 - 20*c**2 + 33*c - 29. Is d(-25) prime?
False
Let f(l) = -139*l**2 - 5*l - 1. Let j(u) = u**2 + u. Let m(g) = -f(g) - 6*j(g). Is m(1) a prime number?
False
Suppose -5*g + 12 = 4*y, 4*g = 2*g. Suppose 0 = -2*i - y*a + 3, -4*a + 11 - 3 = 4*i. Suppose -3*u = -4*l + 458, l + 5*u - 442 = -i*l. Is l a composite number?
False
Suppose -4*i + 0*o + 4 = -o, 0 = 4*o. Is 1/(i - (-26)/(-28)) a composite number?
True
Is 8/20 + 10546/10 a composite number?
True
Let o(t) = 3*t**2 + 77*t**2 + 15*t - 14*t. Is o(-1) a prime number?
True
Let s be 2/(-4)*-5*248. Suppose 4*a - 8*a + s = 0. Is a a prime number?
False
Let r = 2 + 0. Let h = r - 2. Suppose 0 = -h*s - s + 37. Is s a composite number?
False
Suppose -5*n = -4*n + 5*p + 24, -5*p + 5 = 0. Let o = 14 + n. Is -422*(o/(-6) + -3) a prime number?
True
Let n(h) = 53*h - 1. Let s be n(-1). Is 1 + (-7)/(21/s) a prime number?
True
Let m(u) = -u**3 - 7*u**2 - 12*u - 7. Let a be m(-8). Suppose -a = -b + 10. Is b composite?
False
Let i = 26 + -18. Let g(o) = -o**2 + 3*o - 2. Let h be g(i). Let b = h - -63. Is b a prime number?
False
Suppose -4*o + 7*o - 9 = 0. Suppose 0 = 2*j + 3*m - 82, -45 = -2*j + o*m + 13. Suppose 3*z + j = 4*z. Is z a composite number?
True
Let m be 0/(-3 + 2) - -5. Let q(o) = o**2 + 6*o**2 - 1 - 2*o**3 - 6*o + o**3 - 4. Is q(m) prime?
False
Let a(x) = 9*x**3 + 5*x**2 - 7*x - 5. Let r(q) = 5*q**3 + 2*q**2 - 3*q - 3. Let y(f) = 4*a(f) - 7*r(f). Let n be y(-7). Is (5 - 4)/(n/211) a composite number?
False
Let l be -5*1/2*-2. Suppose 4*b - 9 = 3*h, -20 = -5*b - 5*h - 0*h. Suppose -b*z + l*z - 98 = 0. Is z prime?
False
Is (-1774)/(-1)*(-5)/(-10) prime?
True
Is -1*(3 - 12*(-3)/(-1)) composite?
True
Is 2866/18 + 2/(-9) composite?
True
Suppose 75*g - 72*g = 2103. Is g prime?
True
Suppose -3*y + 1904 = 8*a - 3*a, 1149 = 3*a + 4*y. Is a a composite number?
False
Let s(b) = b**2 + 5*b + 5. Suppose g + 5 = -2. Is s(g) a composite number?
False
Let f(n) = n. Let a be f(0). Suppose -5*x + a*z + 3*z + 60 = 0, 25 = 5*z. Is x a composite number?
True
Suppose 0 = 2*f - 0*f - 8. Is -298*(-2 + 6/f) a composite number?
False
Let i(r) = 34*r - 8. Let q be i(-6). Let p be (9/(-12))/((-1)/q). Let f = p + 224. Is f composite?
True
Let t(b) = 207*b**2 - 9*b + 5. Is t(2) a composite number?
True
Let s be ((-58)/6)/((-1)/6). Suppose 0 = 19*r - 14*r. Suppose p - 19 = 2*v - s, -5*p + 15 = r. Is v composite?
True
Let r = 4 - 9. Let q(j) = j**3 + 2*j**2 - 3*j + 2. Let w be q(-3). Is (w + -3)*13*r a composite number?
True
Let h be (-3 - -1 - -3)*1. Suppose 5*r = 10, b = 6*b - 3*r + 106. Is b/(-12)*(34 - h) a composite number?
True
Let j be 10/(4/2) - 0. Suppose -3 = s, 3*s + 5 = -r - 2. Suppose -450 = -3*k + 5*h - r*h, -j*k = h - 744. Is k a prime number?
True
Suppose 5 = 2*k - 7. Is 3 - k - (-4 - 253) a prime number?
False
Let a(j) = 2*j**2 + 8*j - 13. Is a(8) a composite number?
False
Let g(p) = 21*p + 58. Is g(23) composite?
False
Suppose 6 = 4*v + 2*u, 5*v + 4*u = v - 4. Suppose 5*b - 6137 = -552. Is v/(-10) + b/5 composite?
False
Suppose -2*l - 15 = -35. Let o be 1192/5 - 4/l. Is o/18 - (-2)/(-9) prime?
True
Let f(p) = -41*p + 4. Suppose -2*y - 8 = 2. Is f(y) prime?
False
Let c = 242 - 39. Is c a composite number?
True
Suppose -3*k - 3*y + 391 = k, -2*k - 2*y + 196 = 0. Is k a composite number?
False
Let v = 18 - 48. Let r = 61 - v. Is r a composite number?
True
Let z(i) = 2*i + 10. Let y be z(-7). Is 7/14 + (-1482)/y prime?
False
Suppose 2*z + 16 = -5*b, -2*b - 4 = -3*b + 2*z. Let c be 4/6*6 + b. Suppose -20 = 4*r + r, -w = c*r - 15. Is w a composite number?
False
Let z be 130/(-3)*(-3)/1. Let j(k) = 81*k. Let l be j(-1). Let i = l + z. Is i prime?
False
Let z be (2/(-4))/((-4)/48). Let o be (-9)/z*112/(-6). Is 1477/o + 1/4 prime?
True
Let n(j) = 120*j - 13. Is n(5) prime?
True
Suppose s - 3*u = 3*s - 15, s - 9 = -2*u. Let y be s*(-15)/18*8. Is 393/5 - 8/y composite?
False
Let q(n) = 21*n**2 - n - 3. Is q(5) a prime number?
False
Let p(o) = 7*o**3 + 5*o**2 - 5*o - 5. Let l(t) = -6*t**3 - 5*t**2 + 6*t + 5. Let k(d) = 6*l(d) + 5*p(d). Is k(-7) a prime number?
False
Let a be 1/4 + 6/8. Let u be -7 - -17 - (a + -3). Suppose 0 = -3*w + u + 21. Is w a prime number?
True
Let z = 10 + -6. Suppose 0 = z*y - 4*g - 326 + 114, -2*y + 106 = g. Is y a composite number?
False
Suppose -3*d + 657 = -0*d. Is d composite?
True
Suppose 2*n = 17 - 5. Let a be 644/n + 6/(-18). Let t = a - 70. Is t composite?
False
Let f = -7 - -10. Let o be (1/f)/(5/30). Is 79 + (-5 + o - -1) a prime number?
False
Suppose -358 = 4*x - 2*q, -2*x = 3*x - 3*q + 446. Is (-26)/x - 1774/(-14) a prime number?
True
Is 2/6 + 9/(189/2660) prime?
True
Let t be (-1)/(8/12)*8. Let o(l) = -l**3 - 8*l**2 + 12*l - 17. Is o(t) a composite number?
True
Let c = 14 - 30. Is (-2850)/c - (-6)/(-48) prime?
False
Let n = -786 - -1873. Is n prime?
True
Let m be (-24)/18*3/2. Let s(k) = -23*k**3 - k**2 - 3*k - 1. Is s(m) prime?
False
Let i(h) = 150*h**3 + 2*h**2 + 2*h + 1. Let p be i(-1). Let b = p - -245. Let n = b + -59. Is n a composite number?
False
Let w(z) = -z**2 + 20*z + 14. Is w(17) a composite number?
True
Let l = -108 - -198. Let w = l - -5. Is w prime?
False
Suppose k - 2*o - 199 = -0*k, 4*k - 796 = -5*o. Is k composite?
False
Is (-2)/15 + (19806/45 - -3) prime?
True
Is (-1017)/(-18)*(5 + 1) composite?
True
Suppose 3*c - 5 = 4*y + 16, 3*y = -c + 7. Let o(i) = 11*i**2 + 9*i - 5. Let t be o(c). Is (-1)/4 + t/4 a prime number?
True
Let v(t) = -5*t**2 - 3*t - 7. Let x(z) = 6*z**2 + 4*z + 8. Let n(q) = -5*v(q) - 4*x(q). Is n(6) a prime number?
False
Suppose 2*q - 3*g = 337, 0 = -0*q - 5*q + 5*g + 830. Is q a composite number?
True
Let u(a) = 4*a**2 - 8*a + 11. Is u(9) composite?
False
Let b(y) = -19*y - 1 + 1 - 36*y. Is b(-1) a composite number?
True
Is (1/1)/(2/3970) a composite number?
True
Suppose 5*r - 3*a = 3217, 0*a + 5*a = 3*r - 1943. Is r prime?
True
Suppose -2*v - 8 = -4*k, 0 = -0*k - 4*k + v + 12. Suppose -k*i = -48 + 8. Is i a composite number?
True
Let h be (-2)/(-12) - (-6)/(-36). Suppose -5*f - 53 = -m, h = -3*m + 2*f + f + 123. Suppose 5*j - m = 3*j. Is j composite?
False
Suppose -26 = -3*c - 8. Is 54/4 - 3/c a composite number?
False
Is 2 - 62/(-6) - (-6)/9 a composite number?
False
Let b be ((-1)/1)/((-1)/2). Let n(d) = 6*d**b + 0*d + 5*d - 3*d + d**3 - 1. Is n(-5) composite?
True
Let c(m) be the second derivative of m**4/12 + 21*m**2/2 - m. Let r be (2 - 2)*(-1)/(-2). Is c(r) composite?
True
Let x(p) = -p**3 - p + 28. Let u be x(0). Suppose 16 = f - c, 16 + u = 4*f + c. Let n = f - 5. Is n composite?
False
Suppose -3*u + 704 = -7*u. Let c = 27 - u. Is c a prime number?
False
Suppose 3*h = 5*a - 12, 16 = -0*a + a - 4*h. Suppose -4 + a = -2*x. Suppose 3*y = 6, x*w - 310 = 4*y - 96. Is w composite?
True
Let n(f) = f**3 + 4*f**2 - 2*f - 6. Let d be n(-4). Suppose 235 = 5*q + 3*w, d*q + 5*w = 39 + 74. Suppose -m - m = -q. Is m prime?
False
Is (2/(-6))/(2/(-2946)) composite?
False
Is -5245*(5 + -7 + 1) a prime number?
False
Let f(h) = h**3 - h**2 + h + 1. Suppose 4*t - 8*t - 16 = 0, -2*y + 5*t = -40. Let b = -6 + y. Is f(b) prime?
True
Let m(x) = -x**2 - 6*x + 1. Let b be m(5). Let t be 6/9*b/(-4). Is 6*(-1 - t/(-2)) a prime number?
False
Let r(n) = n**3 - 8*n**2 + 4*n - 7. Is r(8) a prime number?
False
Let z = 